{"id":3235,"date":"2021-02-18T11:35:42","date_gmt":"2021-02-18T11:35:42","guid":{"rendered":"http:\/\/ny.fguit.dk\/?page_id=3235"},"modified":"2021-02-19T10:29:06","modified_gmt":"2021-02-19T10:29:06","slug":"identitet-og-medborgerskab","status":"publish","type":"page","link":"https:\/\/fgu-skolen.dk\/index.php\/identitet-og-medborgerskab\/","title":{"rendered":"Identitet og medborgerskab"},"content":{"rendered":"<div data-colibri-id=\"3235-c1\" class=\"style-2141 style-local-3235-c1 position-relative\">\n  <!---->\n  <div data-colibri-component=\"section\" data-colibri-id=\"3235-c2\" id=\"custom\" class=\"h-section h-section-global-spacing d-flex align-items-lg-center align-items-md-center align-items-center style-2142 style-local-3235-c2 position-relative\">\n    <!---->\n    <!---->\n    <div class=\"h-section-grid-container h-section-boxed-container\">\n      <!---->\n      <div data-colibri-id=\"3235-c3\" class=\"h-row-container gutters-row-lg-2 gutters-row-md-2 gutters-row-0 gutters-row-v-lg-2 gutters-row-v-md-2 gutters-row-v-2 style-2143 style-local-3235-c3 position-relative\">\n        <!---->\n        <div class=\"h-row justify-content-lg-center justify-content-md-center justify-content-center align-items-lg-stretch align-items-md-stretch align-items-stretch gutters-col-lg-2 gutters-col-md-2 gutters-col-0 gutters-col-v-lg-2 gutters-col-v-md-2 gutters-col-v-2\">\n          <!---->\n          <div class=\"h-column h-column-container d-flex h-col-lg-auto h-col-md-auto h-col-auto style-2144-outer style-local-3235-c4-outer\">\n            <div data-colibri-id=\"3235-c4\" class=\"d-flex h-flex-basis h-column__inner h-px-lg-2 h-px-md-2 h-px-2 v-inner-lg-2 v-inner-md-2 v-inner-2 style-2144 style-local-3235-c4 position-relative\">\n              <!---->\n              <!---->\n              <div class=\"w-100 h-y-container h-column__content h-column__v-align flex-basis-100 align-self-lg-start align-self-md-start align-self-start\">\n                <!---->\n                <div data-colibri-id=\"3235-c6\" class=\"h-text h-text-component style-2146 style-local-3235-c6 position-relative h-element\">\n                  <!---->\n                  <!---->\n                  <div class=\"\">\n                    <p><strong style=\"font-size: 16pt; font-family: &quot;Open Sans&quot;, sans-serif; color: black;\">Identitet og medborgerskab<\/strong><span style=\"font-size: 11pt; font-family: &quot;Open Sans&quot;, sans-serif; color: black;\"> <br><br>Identitet og medborgerskab er et dannelsesfag.<\/span><\/p>\n                    <p><span style=\"font-size: 11pt; font-family: &quot;Open Sans&quot;, sans-serif; color: black;\">Faget forholder sig til det at v\u00e6re mennesker som et individ og som en del af et f\u00e6llesskab.<\/span><\/p>\n                    <p><span style=\"font-size: 11pt; font-family: &quot;Open Sans&quot;, sans-serif; color: black;\">Faget henter inspiration fra samfundsfag, psykologi, sociologi, filosofi, religion, historie m.m., og har fokus p\u00e5 det, der giver mennesket muligheder for at foretage selvst\u00e6ndige valg, udvise ansvar og indg\u00e5 i f\u00e6llesskaber. Som elev bliver du kl\u00e6dt p\u00e5 til at st\u00e5 mere selvst\u00e6ndigt og sikkert, men du vil muligvis ogs\u00e5 blive udfordret af andres politiske, religi\u00f8se eller seksuelle holdninger.<\/span><\/p>\n                    <p><span style=\"font-size: 11pt; font-family: &quot;Open Sans&quot;, sans-serif; color: black;\">Faget indeholder b\u00e5de en vidensdimension og en handlingsdimension. Der vil v\u00e6re en del teori om f.eks. identitetsdannelse f\u00f8r og nu, sundhed og mental trivsel, kritisk t\u00e6nkning, digital dannelse, demokratisk samtale, frivillighed, menneskerettigheder samt livsanskuelser og kulturm\u00f8der i en lokal og global sammenh\u00e6ng. Handlingsdimensionen drejer sig bl.a. om, at du i praksis pr\u00f8ver dine medborgerskabsf\u00e6rdigheder af. Hvordan du h\u00e5ndterer en samtale, en debat eller en diskussion. Hvordan du indg\u00e5r i samarbejdsrelationer, kan arbejde projektorganiseret og kan indg\u00e5 i demokratiske processer p\u00e5 holdet, i skolen og uden for skolen. Det kunne f.eks. v\u00e6re ved at gennemf\u00f8re projekter, der retter sig mod b\u00f8rn, unge eller \u00e6ldre i lokalsamfundet eller projekter, der handler om en bestemt problematik eller et initiativ, man f\u00e5r lyst til at g\u00f8re noget ved, f.eks. klima, hjeml\u00f8shed, social uretf\u00e6rdighed, arrangementer eller lokale indslag \u2013 uden for skolen. Projekterne kan ogs\u00e5 gennemf\u00f8res i samarbejde med klubber, foreninger eller lokale virksomheder.<\/span><\/p>\n                    <p><span style=\"font-size: 11pt; font-family: &quot;Open Sans&quot;, sans-serif; color: black;\">Identitet og medborgerskab er et fag der b\u00e5de kan bruges, hvis du er elev p\u00e5 PGU eller AGU.<\/span><\/p>\n                    <p><span style=\"font-size: 11pt; font-family: &quot;Open Sans&quot;, sans-serif; color: black;\">Identitet og medborgerskab gennemf\u00f8res p\u00e5 G niveau med en portfoliopr\u00f8ve Identitet og medborgerskab afsluttes med mundtlig pr\u00f8ve p\u00e5 baggrund af en pr\u00e6sentationsportfolio. Pr\u00e6sentationsportfolioen udarbejdes individuelt eller i grupper af h\u00f8jst tre eksaminander og fremsendes til censor forud for pr\u00f8ven.&nbsp;Der afholdes en mundtlig pr\u00f8ve \u00e1 30 minutters varighed pr. eksaminand \u2013 inklusiv votering.&nbsp;Pr\u00f8ven kan tilrettel\u00e6gges som en gruppepr\u00f8ve. Eksaminanderne bed\u00f8mmes individuelt.&nbsp;Portfolioen danner udgangspunktet for den faglige dialog ved eksaminationen.<\/span><\/p>\n                    <p><span style=\"font-size: 11pt; font-family: &quot;Open Sans&quot;, sans-serif; color: black;\">Der gives \u00e9n karakter efter 7-trinsskalaen.<\/span><\/p>\n                  <\/div>\n                <\/div>\n              <\/div>\n            <\/div>\n          <\/div>\n          <div class=\"h-column h-column-container d-flex h-col-lg-auto h-col-md-auto h-col-auto style-2145-outer style-local-3235-c5-outer\">\n            <div data-colibri-id=\"3235-c5\" class=\"d-flex h-flex-basis h-column__inner h-px-lg-2 h-px-md-2 h-px-2 v-inner-lg-2 v-inner-md-2 v-inner-2 style-2145 style-local-3235-c5 position-relative\">\n              <!---->\n              <!---->\n              <div class=\"w-100 h-y-container h-column__content h-column__v-align flex-basis-100 align-self-lg-start align-self-md-start align-self-start\">\n                <!---->\n                <div data-colibri-id=\"3235-c7\" class=\"d-block style-2147 style-local-3235-c7 position-relative h-element\">\n                  <!---->\n                  <div class=\"h-image__frame-container-outer\">\n                    <div class=\"h-image__frame-container\">\n                      <!---->\n                      <!---->\n                      <img loading=\"lazy\" decoding=\"async\" width=\"960\" height=\"640\" src=\"http:\/\/ny.fguit.dk\/wp-content\/uploads\/2021\/02\/masker.jpg\" class=\"wp-image-3440 style-2147-image style-local-3235-c7-image\" alt=\"\" srcset=\"https:\/\/fgu-skolen.dk\/wp-content\/uploads\/2021\/02\/masker.jpg 960w, https:\/\/fgu-skolen.dk\/wp-content\/uploads\/2021\/02\/masker-300x200.jpg 300w, https:\/\/fgu-skolen.dk\/wp-content\/uploads\/2021\/02\/masker-768x512.jpg 768w\" sizes=\"auto, (max-width: 960px) 100vw, 960px\" \/>\n                      <div class=\"h-image__frame h-hide-lg h-hide-md h-hide-sm style-2147-frameImage style-local-3235-c7-frameImage\"><\/div>\n                    <\/div>\n                  <\/div>\n                <\/div>\n              <\/div>\n            <\/div>\n          <\/div>\n        <\/div>\n      <\/div>\n    <\/div>\n  <\/div>\n<\/div>","protected":false},"excerpt":{"rendered":"<p>Identitet og medborgerskab Identitet og medborgerskab er et dannelsesfag. Faget forholder sig til det at v\u00e6re mennesker som et individ og som en del af et f\u00e6llesskab. Faget henter inspiration fra samfundsfag, psykologi, sociologi, filosofi, religion, historie m.m., og har fokus p\u00e5 det, der giver mennesket muligheder for at foretage selvst\u00e6ndige valg, udvise ansvar og [&hellip;]<\/p>\n","protected":false},"author":1,"featured_media":0,"parent":0,"menu_order":0,"comment_status":"closed","ping_status":"closed","template":"page-templates\/full-width-page.php","meta":{"_mo_disable_npp":"","h5ap_radio_sources":[],"footnotes":""},"class_list":["post-3235","page","type-page","status-publish","hentry"],"yoast_head":"<!-- This site is optimized with the Yoast SEO plugin v27.5 - https:\/\/yoast.com\/product\/yoast-seo-wordpress\/ -->\n<title>Identitet og medborgerskab - FGU-Skolen &Oslash;st<\/title>\n<meta name=\"robots\" content=\"index, follow, max-snippet:-1, max-image-preview:large, max-video-preview:-1\" \/>\n<link rel=\"canonical\" href=\"https:\/\/fgu-skolen.dk\/index.php\/identitet-og-medborgerskab\/\" \/>\n<meta property=\"og:locale\" content=\"da_DK\" \/>\n<meta property=\"og:type\" content=\"article\" \/>\n<meta property=\"og:title\" content=\"Identitet og medborgerskab - FGU-Skolen &Oslash;st\" \/>\n<meta property=\"og:description\" content=\"Identitet og medborgerskab Identitet og medborgerskab er et dannelsesfag. Faget forholder sig til det at v\u00e6re mennesker som et individ og som en del af et f\u00e6llesskab. Faget henter inspiration fra samfundsfag, psykologi, sociologi, filosofi, religion, historie m.m., og har fokus p\u00e5 det, der giver mennesket muligheder for at foretage selvst\u00e6ndige valg, udvise ansvar og [&hellip;]\" \/>\n<meta property=\"og:url\" content=\"https:\/\/fgu-skolen.dk\/index.php\/identitet-og-medborgerskab\/\" \/>\n<meta property=\"og:site_name\" content=\"FGU-Skolen &Oslash;st\" \/>\n<meta property=\"article:modified_time\" content=\"2021-02-19T10:29:06+00:00\" \/>\n<meta property=\"og:image\" content=\"http:\/\/ny.fguit.dk\/wp-content\/uploads\/2021\/02\/masker.jpg\" \/>\n<meta name=\"twitter:card\" content=\"summary_large_image\" \/>\n<meta name=\"twitter:label1\" content=\"Estimeret l\u00e6setid\" \/>\n\t<meta name=\"twitter:data1\" content=\"2 minutter\" \/>\n<script type=\"application\/ld+json\" class=\"yoast-schema-graph\">{\"@context\":\"https:\\\/\\\/schema.org\",\"@graph\":[{\"@type\":\"WebPage\",\"@id\":\"https:\\\/\\\/fgu-skolen.dk\\\/index.php\\\/identitet-og-medborgerskab\\\/\",\"url\":\"https:\\\/\\\/fgu-skolen.dk\\\/index.php\\\/identitet-og-medborgerskab\\\/\",\"name\":\"Identitet og medborgerskab - FGU-Skolen &Oslash;st\",\"isPartOf\":{\"@id\":\"https:\\\/\\\/fgu-skolen.dk\\\/#website\"},\"primaryImageOfPage\":{\"@id\":\"https:\\\/\\\/fgu-skolen.dk\\\/index.php\\\/identitet-og-medborgerskab\\\/#primaryimage\"},\"image\":{\"@id\":\"https:\\\/\\\/fgu-skolen.dk\\\/index.php\\\/identitet-og-medborgerskab\\\/#primaryimage\"},\"thumbnailUrl\":\"http:\\\/\\\/ny.fguit.dk\\\/wp-content\\\/uploads\\\/2021\\\/02\\\/masker.jpg\",\"datePublished\":\"2021-02-18T11:35:42+00:00\",\"dateModified\":\"2021-02-19T10:29:06+00:00\",\"breadcrumb\":{\"@id\":\"https:\\\/\\\/fgu-skolen.dk\\\/index.php\\\/identitet-og-medborgerskab\\\/#breadcrumb\"},\"inLanguage\":\"da-DK\",\"potentialAction\":[{\"@type\":\"ReadAction\",\"target\":[\"https:\\\/\\\/fgu-skolen.dk\\\/index.php\\\/identitet-og-medborgerskab\\\/\"]}]},{\"@type\":\"ImageObject\",\"inLanguage\":\"da-DK\",\"@id\":\"https:\\\/\\\/fgu-skolen.dk\\\/index.php\\\/identitet-og-medborgerskab\\\/#primaryimage\",\"url\":\"http:\\\/\\\/ny.fguit.dk\\\/wp-content\\\/uploads\\\/2021\\\/02\\\/masker.jpg\",\"contentUrl\":\"http:\\\/\\\/ny.fguit.dk\\\/wp-content\\\/uploads\\\/2021\\\/02\\\/masker.jpg\"},{\"@type\":\"BreadcrumbList\",\"@id\":\"https:\\\/\\\/fgu-skolen.dk\\\/index.php\\\/identitet-og-medborgerskab\\\/#breadcrumb\",\"itemListElement\":[{\"@type\":\"ListItem\",\"position\":1,\"name\":\"Hjem\",\"item\":\"https:\\\/\\\/fgu-skolen.dk\\\/\"},{\"@type\":\"ListItem\",\"position\":2,\"name\":\"Identitet og medborgerskab\"}]},{\"@type\":\"WebSite\",\"@id\":\"https:\\\/\\\/fgu-skolen.dk\\\/#website\",\"url\":\"https:\\\/\\\/fgu-skolen.dk\\\/\",\"name\":\"FGU-Skolen &Oslash;st\",\"description\":\"\",\"publisher\":{\"@id\":\"https:\\\/\\\/fgu-skolen.dk\\\/#organization\"},\"potentialAction\":[{\"@type\":\"SearchAction\",\"target\":{\"@type\":\"EntryPoint\",\"urlTemplate\":\"https:\\\/\\\/fgu-skolen.dk\\\/?s={search_term_string}\"},\"query-input\":{\"@type\":\"PropertyValueSpecification\",\"valueRequired\":true,\"valueName\":\"search_term_string\"}}],\"inLanguage\":\"da-DK\"},{\"@type\":\"Organization\",\"@id\":\"https:\\\/\\\/fgu-skolen.dk\\\/#organization\",\"name\":\"FGU-Skolen &Oslash;st\",\"url\":\"https:\\\/\\\/fgu-skolen.dk\\\/\",\"logo\":{\"@type\":\"ImageObject\",\"inLanguage\":\"da-DK\",\"@id\":\"https:\\\/\\\/fgu-skolen.dk\\\/#\\\/schema\\\/logo\\\/image\\\/\",\"url\":\"https:\\\/\\\/fgu-skolen.dk\\\/wp-content\\\/uploads\\\/2021\\\/02\\\/cropped-cropped-Logo_FGU-Skolen-Oest-002.png\",\"contentUrl\":\"https:\\\/\\\/fgu-skolen.dk\\\/wp-content\\\/uploads\\\/2021\\\/02\\\/cropped-cropped-Logo_FGU-Skolen-Oest-002.png\",\"width\":945,\"height\":650,\"caption\":\"FGU-Skolen &Oslash;st\"},\"image\":{\"@id\":\"https:\\\/\\\/fgu-skolen.dk\\\/#\\\/schema\\\/logo\\\/image\\\/\"}}]}<\/script>\n<!-- \/ Yoast SEO plugin. -->","yoast_head_json":{"title":"Identitet og medborgerskab - FGU-Skolen &Oslash;st","robots":{"index":"index","follow":"follow","max-snippet":"max-snippet:-1","max-image-preview":"max-image-preview:large","max-video-preview":"max-video-preview:-1"},"canonical":"https:\/\/fgu-skolen.dk\/index.php\/identitet-og-medborgerskab\/","og_locale":"da_DK","og_type":"article","og_title":"Identitet og medborgerskab - FGU-Skolen &Oslash;st","og_description":"Identitet og medborgerskab Identitet og medborgerskab er et dannelsesfag. Faget forholder sig til det at v\u00e6re mennesker som et individ og som en del af et f\u00e6llesskab. Faget henter inspiration fra samfundsfag, psykologi, sociologi, filosofi, religion, historie m.m., og har fokus p\u00e5 det, der giver mennesket muligheder for at foretage selvst\u00e6ndige valg, udvise ansvar og [&hellip;]","og_url":"https:\/\/fgu-skolen.dk\/index.php\/identitet-og-medborgerskab\/","og_site_name":"FGU-Skolen &Oslash;st","article_modified_time":"2021-02-19T10:29:06+00:00","og_image":[{"url":"http:\/\/ny.fguit.dk\/wp-content\/uploads\/2021\/02\/masker.jpg","type":"","width":"","height":""}],"twitter_card":"summary_large_image","twitter_misc":{"Estimeret l\u00e6setid":"2 minutter"},"schema":{"@context":"https:\/\/schema.org","@graph":[{"@type":"WebPage","@id":"https:\/\/fgu-skolen.dk\/index.php\/identitet-og-medborgerskab\/","url":"https:\/\/fgu-skolen.dk\/index.php\/identitet-og-medborgerskab\/","name":"Identitet og medborgerskab - FGU-Skolen &Oslash;st","isPartOf":{"@id":"https:\/\/fgu-skolen.dk\/#website"},"primaryImageOfPage":{"@id":"https:\/\/fgu-skolen.dk\/index.php\/identitet-og-medborgerskab\/#primaryimage"},"image":{"@id":"https:\/\/fgu-skolen.dk\/index.php\/identitet-og-medborgerskab\/#primaryimage"},"thumbnailUrl":"http:\/\/ny.fguit.dk\/wp-content\/uploads\/2021\/02\/masker.jpg","datePublished":"2021-02-18T11:35:42+00:00","dateModified":"2021-02-19T10:29:06+00:00","breadcrumb":{"@id":"https:\/\/fgu-skolen.dk\/index.php\/identitet-og-medborgerskab\/#breadcrumb"},"inLanguage":"da-DK","potentialAction":[{"@type":"ReadAction","target":["https:\/\/fgu-skolen.dk\/index.php\/identitet-og-medborgerskab\/"]}]},{"@type":"ImageObject","inLanguage":"da-DK","@id":"https:\/\/fgu-skolen.dk\/index.php\/identitet-og-medborgerskab\/#primaryimage","url":"http:\/\/ny.fguit.dk\/wp-content\/uploads\/2021\/02\/masker.jpg","contentUrl":"http:\/\/ny.fguit.dk\/wp-content\/uploads\/2021\/02\/masker.jpg"},{"@type":"BreadcrumbList","@id":"https:\/\/fgu-skolen.dk\/index.php\/identitet-og-medborgerskab\/#breadcrumb","itemListElement":[{"@type":"ListItem","position":1,"name":"Hjem","item":"https:\/\/fgu-skolen.dk\/"},{"@type":"ListItem","position":2,"name":"Identitet og medborgerskab"}]},{"@type":"WebSite","@id":"https:\/\/fgu-skolen.dk\/#website","url":"https:\/\/fgu-skolen.dk\/","name":"FGU-Skolen &Oslash;st","description":"","publisher":{"@id":"https:\/\/fgu-skolen.dk\/#organization"},"potentialAction":[{"@type":"SearchAction","target":{"@type":"EntryPoint","urlTemplate":"https:\/\/fgu-skolen.dk\/?s={search_term_string}"},"query-input":{"@type":"PropertyValueSpecification","valueRequired":true,"valueName":"search_term_string"}}],"inLanguage":"da-DK"},{"@type":"Organization","@id":"https:\/\/fgu-skolen.dk\/#organization","name":"FGU-Skolen &Oslash;st","url":"https:\/\/fgu-skolen.dk\/","logo":{"@type":"ImageObject","inLanguage":"da-DK","@id":"https:\/\/fgu-skolen.dk\/#\/schema\/logo\/image\/","url":"https:\/\/fgu-skolen.dk\/wp-content\/uploads\/2021\/02\/cropped-cropped-Logo_FGU-Skolen-Oest-002.png","contentUrl":"https:\/\/fgu-skolen.dk\/wp-content\/uploads\/2021\/02\/cropped-cropped-Logo_FGU-Skolen-Oest-002.png","width":945,"height":650,"caption":"FGU-Skolen &Oslash;st"},"image":{"@id":"https:\/\/fgu-skolen.dk\/#\/schema\/logo\/image\/"}}]}},"_links":{"self":[{"href":"https:\/\/fgu-skolen.dk\/index.php\/wp-json\/wp\/v2\/pages\/3235","targetHints":{"allow":["GET"]}}],"collection":[{"href":"https:\/\/fgu-skolen.dk\/index.php\/wp-json\/wp\/v2\/pages"}],"about":[{"href":"https:\/\/fgu-skolen.dk\/index.php\/wp-json\/wp\/v2\/types\/page"}],"author":[{"embeddable":true,"href":"https:\/\/fgu-skolen.dk\/index.php\/wp-json\/wp\/v2\/users\/1"}],"replies":[{"embeddable":true,"href":"https:\/\/fgu-skolen.dk\/index.php\/wp-json\/wp\/v2\/comments?post=3235"}],"version-history":[{"count":3,"href":"https:\/\/fgu-skolen.dk\/index.php\/wp-json\/wp\/v2\/pages\/3235\/revisions"}],"predecessor-version":[{"id":3495,"href":"https:\/\/fgu-skolen.dk\/index.php\/wp-json\/wp\/v2\/pages\/3235\/revisions\/3495"}],"wp:attachment":[{"href":"https:\/\/fgu-skolen.dk\/index.php\/wp-json\/wp\/v2\/media?parent=3235"}],"curies":[{"name":"wp","href":"https:\/\/api.w.org\/{rel}","templated":true}]}}