{"id":2229,"date":"2021-02-12T10:14:41","date_gmt":"2021-02-12T10:14:41","guid":{"rendered":"https:\/\/ny.fguit.dk\/index.php\/kommunikation-og-medier-paa-fgu-roskilde\/"},"modified":"2025-03-24T08:08:58","modified_gmt":"2025-03-24T08:08:58","slug":"kommunikation-og-medier-paa-fgu-roskilde","status":"publish","type":"page","link":"https:\/\/fgu-skolen.dk\/index.php\/kommunikation-og-medier-paa-fgu-roskilde\/","title":{"rendered":"Kommunikation og medier p\u00e5 FGU Roskilde Lejre"},"content":{"rendered":"<div data-colibri-id=\"2229-c1\" class=\"style-2288 style-local-2229-c1 position-relative\">\n  <!---->\n  <div data-colibri-component=\"section\" data-colibri-id=\"2229-c2\" id=\"custom\" class=\"h-section h-section-global-spacing d-flex align-items-lg-center align-items-md-center align-items-center style-2558 style-local-2229-c2 position-relative\">\n    <!---->\n    <!---->\n    <div class=\"h-section-grid-container h-section-boxed-container\">\n      <!---->\n      <div data-colibri-id=\"2229-c3\" class=\"h-row-container gutters-row-lg-2 gutters-row-md-2 gutters-row-0 gutters-row-v-lg-2 gutters-row-v-md-2 gutters-row-v-2 style-2559 style-local-2229-c3 position-relative\">\n        <!---->\n        <div class=\"h-row justify-content-lg-center justify-content-md-center justify-content-center align-items-lg-stretch align-items-md-stretch align-items-stretch gutters-col-lg-2 gutters-col-md-2 gutters-col-0 gutters-col-v-lg-2 gutters-col-v-md-2 gutters-col-v-2\">\n          <!---->\n          <div class=\"h-column h-column-container d-flex h-col-lg-auto h-col-md-auto h-col-auto style-2560-outer style-local-2229-c4-outer\">\n            <div data-colibri-id=\"2229-c4\" class=\"d-flex h-flex-basis h-column__inner h-px-lg-2 h-px-md-2 h-px-2 v-inner-lg-2 v-inner-md-2 v-inner-2 style-2560 style-local-2229-c4 position-relative\">\n              <!---->\n              <!---->\n              <div class=\"w-100 h-y-container h-column__content h-column__v-align flex-basis-100 align-self-lg-start align-self-md-start align-self-start\">\n                <!---->\n                <div data-colibri-id=\"2229-c5\" class=\"h-text h-text-component style-2563 style-local-2229-c5 position-relative h-element\">\n                  <!---->\n                  <!---->\n                  <div class=\"\">\n                    <p><span style=\"font-weight: 600; font-family: &quot;Open Sans&quot;; color: rgb(0, 5, 6);\">P\u00e5 FGU Roskilde er der tre v\u00e6rksteder under temaet Kommunikation og medier:<\/span><span style=\"font-family: &quot;Open Sans&quot;; color: rgb(0, 5, 6);\"><br>1) IT og teknik<br>2) Grafisk design<br>3) Grafisk produktion<br><br>Klik p\u00e5 billederne for at l\u00e6se mere om de to forskellige tilbud<\/span><\/p>\n                  <\/div>\n                <\/div>\n              <\/div>\n            <\/div>\n          <\/div>\n          <div class=\"h-column h-column-container d-flex h-col-lg-auto h-col-md-auto h-col-auto style-2561-outer style-local-2229-c6-outer\">\n            <div data-colibri-id=\"2229-c6\" class=\"d-flex h-flex-basis h-column__inner h-px-lg-2 h-px-md-2 h-px-2 v-inner-lg-2 v-inner-md-2 v-inner-2 style-2561 style-local-2229-c6 position-relative\">\n              <!---->\n              <!---->\n              <div class=\"w-100 h-y-container h-column__content h-column__v-align flex-basis-100 align-self-lg-start align-self-md-start align-self-start\">\n                <!---->\n                <div data-colibri-id=\"2229-c7\" class=\"d-block style-2564 style-local-2229-c7 position-relative h-element\">\n                  <!---->\n                  <div class=\"h-image__frame-container-outer\">\n                    <a href=\"https:\/\/fgu-skolen.dk\/index.php\/it-teknik-kommunikation-og-medier-paa-fgu-roskilde-2\/\" h-use-smooth-scroll=\"true\" class=\"image-link\">\n                      <div class=\"h-image__frame-container\">\n                        <!---->\n                        <!---->\n                        <img loading=\"lazy\" decoding=\"async\" width=\"702\" height=\"702\" src=\"https:\/\/fgu-skolen.dk\/wp-content\/uploads\/2023\/04\/cropped-CST03623-1.jpg\" class=\"wp-image-11379 style-2564-image style-local-2229-c7-image\" alt=\"\" srcset=\"https:\/\/fgu-skolen.dk\/wp-content\/uploads\/2023\/04\/cropped-CST03623-1.jpg 702w, https:\/\/fgu-skolen.dk\/wp-content\/uploads\/2023\/04\/cropped-CST03623-1-300x300.jpg 300w, https:\/\/fgu-skolen.dk\/wp-content\/uploads\/2023\/04\/cropped-CST03623-1-150x150.jpg 150w\" sizes=\"auto, (max-width: 702px) 100vw, 702px\" \/>\n                        <div class=\"h-image__frame h-hide-lg h-hide-md h-hide-sm style-2564-frameImage style-local-2229-c7-frameImage\"><\/div>\n                      <\/div>\n                    <\/a>\n                  <\/div>\n                <\/div>\n                <div data-colibri-id=\"2229-c8\" class=\"h-text h-text-component style-2670 style-local-2229-c8 position-relative h-element\">\n                  <!---->\n                  <!---->\n                  <div class=\"\">\n                    <p>\n                      <a href=\"https:\/\/fgu-skolen.dk\/index.php\/it-teknik-kommunikation-og-medier-paa-fgu-roskilde-2\" style=\"color: rgb(0, 6, 7); font-family: &quot;Open Sans&quot;;\">IT og teknik<\/a>\n                    <\/p>\n                  <\/div>\n                <\/div>\n              <\/div>\n            <\/div>\n          <\/div>\n          <div class=\"h-column h-column-container d-flex h-col-lg-auto h-col-md-auto h-col-auto style-2562-outer style-local-2229-c9-outer\">\n            <div data-colibri-id=\"2229-c9\" class=\"d-flex h-flex-basis h-column__inner h-px-lg-2 h-px-md-2 h-px-2 v-inner-lg-2 v-inner-md-2 v-inner-2 style-2562 style-local-2229-c9 position-relative\">\n              <!---->\n              <!---->\n              <div class=\"w-100 h-y-container h-column__content h-column__v-align flex-basis-100 align-self-lg-start align-self-md-start align-self-start\">\n                <!---->\n                <div data-colibri-id=\"2229-c10\" class=\"d-block style-2565 style-local-2229-c10 position-relative h-element\">\n                  <!---->\n                  <div class=\"h-image__frame-container-outer\">\n                    <a href=\"https:\/\/fgu-skolen.dk\/index.php\/grafisk-design-kommunikation-og-medier-paa-fgu-roskilde-lejre\/\" h-use-smooth-scroll=\"true\" class=\"image-link\">\n                      <div class=\"h-image__frame-container\">\n                        <!---->\n                        <!---->\n                        <img loading=\"lazy\" decoding=\"async\" width=\"758\" height=\"758\" src=\"https:\/\/fgu-skolen.dk\/wp-content\/uploads\/2023\/04\/cropped-CST03660.jpg\" class=\"wp-image-11381 style-2565-image style-local-2229-c10-image\" alt=\"\" srcset=\"https:\/\/fgu-skolen.dk\/wp-content\/uploads\/2023\/04\/cropped-CST03660.jpg 758w, https:\/\/fgu-skolen.dk\/wp-content\/uploads\/2023\/04\/cropped-CST03660-300x300.jpg 300w, https:\/\/fgu-skolen.dk\/wp-content\/uploads\/2023\/04\/cropped-CST03660-150x150.jpg 150w\" sizes=\"auto, (max-width: 758px) 100vw, 758px\" \/>\n                        <div class=\"h-image__frame h-hide-lg h-hide-md h-hide-sm style-2565-frameImage style-local-2229-c10-frameImage\"><\/div>\n                      <\/div>\n                    <\/a>\n                  <\/div>\n                <\/div>\n                <div data-colibri-id=\"2229-c11\" class=\"h-text h-text-component style-2671 style-local-2229-c11 position-relative h-element\">\n                  <!---->\n                  <!---->\n                  <div class=\"\">\n                    <p>Grafisk design<\/p>\n                  <\/div>\n                <\/div>\n              <\/div>\n            <\/div>\n          <\/div>\n          <div class=\"h-column h-column-container d-flex h-col-lg-auto h-col-md-auto h-col-auto style-2562-outer style-local-2229-c12-outer\">\n            <div data-colibri-id=\"2229-c12\" class=\"d-flex h-flex-basis h-column__inner h-px-lg-2 h-px-md-2 h-px-2 v-inner-lg-2 v-inner-md-2 v-inner-2 style-2562 style-local-2229-c12 position-relative\">\n              <!---->\n              <!---->\n              <div class=\"w-100 h-y-container h-column__content h-column__v-align flex-basis-100 align-self-lg-start align-self-md-start align-self-start\">\n                <!---->\n                <div data-colibri-id=\"2229-c13\" class=\"d-block style-2565 style-local-2229-c13 position-relative h-element\">\n                  <!---->\n                  <div class=\"h-image__frame-container-outer\">\n                    <a href=\"https:\/\/fgu-skolen.dk\/index.php\/grafisk-produktion-kommunikation-og-medier-paa-fgu-roskilde-lejre\/\" h-use-smooth-scroll=\"true\" class=\"image-link\">\n                      <div class=\"h-image__frame-container\">\n                        <!---->\n                        <!---->\n                        <img loading=\"lazy\" decoding=\"async\" width=\"1707\" height=\"1707\" src=\"https:\/\/fgu-skolen.dk\/wp-content\/uploads\/2023\/06\/cropped-cropped-Ny-T-shirt-tryk-scaled-1.jpg\" class=\"wp-image-15156 style-2565-image style-local-2229-c13-image\" alt=\"\" srcset=\"https:\/\/fgu-skolen.dk\/wp-content\/uploads\/2023\/06\/cropped-cropped-Ny-T-shirt-tryk-scaled-1.jpg 1707w, https:\/\/fgu-skolen.dk\/wp-content\/uploads\/2023\/06\/cropped-cropped-Ny-T-shirt-tryk-scaled-1-300x300.jpg 300w, https:\/\/fgu-skolen.dk\/wp-content\/uploads\/2023\/06\/cropped-cropped-Ny-T-shirt-tryk-scaled-1-1024x1024.jpg 1024w, https:\/\/fgu-skolen.dk\/wp-content\/uploads\/2023\/06\/cropped-cropped-Ny-T-shirt-tryk-scaled-1-150x150.jpg 150w, https:\/\/fgu-skolen.dk\/wp-content\/uploads\/2023\/06\/cropped-cropped-Ny-T-shirt-tryk-scaled-1-768x768.jpg 768w, https:\/\/fgu-skolen.dk\/wp-content\/uploads\/2023\/06\/cropped-cropped-Ny-T-shirt-tryk-scaled-1-1536x1536.jpg 1536w\" sizes=\"auto, (max-width: 1707px) 100vw, 1707px\" \/>\n                        <div class=\"h-image__frame h-hide-lg h-hide-md h-hide-sm style-2565-frameImage style-local-2229-c13-frameImage\"><\/div>\n                      <\/div>\n                    <\/a>\n                  <\/div>\n                <\/div>\n                <div data-colibri-id=\"2229-c14\" class=\"h-text h-text-component style-2671 style-local-2229-c14 position-relative h-element\">\n                  <!---->\n                  <!---->\n                  <div class=\"\">\n                    <p>\n                      <a href=\"https:\/\/fgu-skolen.dk\/index.php\/grafisk-produktion-kommunikation-og-medier-paa-fgu-roskilde-lejre\" style=\"font-family: &quot;Open Sans&quot;; color: rgb(0, 9, 11);\">Grafisk&nbsp;<\/a>produktion<\/p>\n                  <\/div>\n                <\/div>\n              <\/div>\n            <\/div>\n          <\/div>\n        <\/div>\n      <\/div>\n    <\/div>\n  <\/div>\n<\/div>","protected":false},"excerpt":{"rendered":"<p>P\u00e5 FGU Roskilde er der tre v\u00e6rksteder under temaet Kommunikation og medier:1) IT og teknik2) Grafisk design3) Grafisk produktionKlik p\u00e5 billederne for at l\u00e6se mere om de to forskellige tilbud IT og teknik Grafisk design Grafisk&nbsp;produktion<\/p>\n","protected":false},"author":5,"featured_media":0,"parent":0,"menu_order":0,"comment_status":"closed","ping_status":"closed","template":"page-templates\/full-width-page.php","meta":{"_mo_disable_npp":"","h5ap_radio_sources":[],"footnotes":""},"class_list":["post-2229","page","type-page","status-publish","hentry"],"yoast_head":"<!-- This site is optimized with the Yoast SEO plugin v27.2 - https:\/\/yoast.com\/product\/yoast-seo-wordpress\/ -->\n<title>Kommunikation og medier p\u00e5 FGU Roskilde Lejre - FGU-Skolen &Oslash;st<\/title>\n<meta name=\"robots\" content=\"index, follow, max-snippet:-1, max-image-preview:large, max-video-preview:-1\" \/>\n<link rel=\"canonical\" href=\"https:\/\/fgu-skolen.dk\/index.php\/kommunikation-og-medier-paa-fgu-roskilde\/\" \/>\n<meta property=\"og:locale\" content=\"da_DK\" \/>\n<meta property=\"og:type\" content=\"article\" \/>\n<meta property=\"og:title\" content=\"Kommunikation og medier p\u00e5 FGU Roskilde Lejre - FGU-Skolen &Oslash;st\" \/>\n<meta property=\"og:description\" content=\"P\u00e5 FGU Roskilde er der tre v\u00e6rksteder under temaet Kommunikation og medier:1) IT og teknik2) Grafisk design3) Grafisk produktionKlik p\u00e5 billederne for at l\u00e6se mere om de to forskellige tilbud IT og teknik Grafisk design Grafisk&nbsp;produktion\" \/>\n<meta property=\"og:url\" content=\"https:\/\/fgu-skolen.dk\/index.php\/kommunikation-og-medier-paa-fgu-roskilde\/\" \/>\n<meta property=\"og:site_name\" content=\"FGU-Skolen &Oslash;st\" \/>\n<meta property=\"article:modified_time\" content=\"2025-03-24T08:08:58+00:00\" \/>\n<meta property=\"og:image\" content=\"https:\/\/fgu-skolen.dk\/wp-content\/uploads\/2023\/04\/cropped-CST03623-1.jpg\" \/>\n\t<meta property=\"og:image:width\" content=\"702\" \/>\n\t<meta property=\"og:image:height\" content=\"702\" \/>\n\t<meta property=\"og:image:type\" content=\"image\/jpeg\" \/>\n<meta name=\"twitter:card\" content=\"summary_large_image\" \/>\n<script type=\"application\/ld+json\" class=\"yoast-schema-graph\">{\"@context\":\"https:\/\/schema.org\",\"@graph\":[{\"@type\":\"WebPage\",\"@id\":\"https:\/\/fgu-skolen.dk\/index.php\/kommunikation-og-medier-paa-fgu-roskilde\/\",\"url\":\"https:\/\/fgu-skolen.dk\/index.php\/kommunikation-og-medier-paa-fgu-roskilde\/\",\"name\":\"Kommunikation og medier p\u00e5 FGU Roskilde Lejre - FGU-Skolen &Oslash;st\",\"isPartOf\":{\"@id\":\"https:\/\/fgu-skolen.dk\/#website\"},\"primaryImageOfPage\":{\"@id\":\"https:\/\/fgu-skolen.dk\/index.php\/kommunikation-og-medier-paa-fgu-roskilde\/#primaryimage\"},\"image\":{\"@id\":\"https:\/\/fgu-skolen.dk\/index.php\/kommunikation-og-medier-paa-fgu-roskilde\/#primaryimage\"},\"thumbnailUrl\":\"https:\/\/fgu-skolen.dk\/wp-content\/uploads\/2023\/04\/cropped-CST03623-1.jpg\",\"datePublished\":\"2021-02-12T10:14:41+00:00\",\"dateModified\":\"2025-03-24T08:08:58+00:00\",\"breadcrumb\":{\"@id\":\"https:\/\/fgu-skolen.dk\/index.php\/kommunikation-og-medier-paa-fgu-roskilde\/#breadcrumb\"},\"inLanguage\":\"da-DK\",\"potentialAction\":[{\"@type\":\"ReadAction\",\"target\":[\"https:\/\/fgu-skolen.dk\/index.php\/kommunikation-og-medier-paa-fgu-roskilde\/\"]}]},{\"@type\":\"ImageObject\",\"inLanguage\":\"da-DK\",\"@id\":\"https:\/\/fgu-skolen.dk\/index.php\/kommunikation-og-medier-paa-fgu-roskilde\/#primaryimage\",\"url\":\"https:\/\/fgu-skolen.dk\/wp-content\/uploads\/2023\/04\/cropped-CST03623-1.jpg\",\"contentUrl\":\"https:\/\/fgu-skolen.dk\/wp-content\/uploads\/2023\/04\/cropped-CST03623-1.jpg\",\"width\":702,\"height\":702},{\"@type\":\"BreadcrumbList\",\"@id\":\"https:\/\/fgu-skolen.dk\/index.php\/kommunikation-og-medier-paa-fgu-roskilde\/#breadcrumb\",\"itemListElement\":[{\"@type\":\"ListItem\",\"position\":1,\"name\":\"Hjem\",\"item\":\"https:\/\/fgu-skolen.dk\/\"},{\"@type\":\"ListItem\",\"position\":2,\"name\":\"Kommunikation og medier p\u00e5 FGU Roskilde Lejre\"}]},{\"@type\":\"WebSite\",\"@id\":\"https:\/\/fgu-skolen.dk\/#website\",\"url\":\"https:\/\/fgu-skolen.dk\/\",\"name\":\"FGU-Skolen &Oslash;st\",\"description\":\"\",\"publisher\":{\"@id\":\"https:\/\/fgu-skolen.dk\/#organization\"},\"potentialAction\":[{\"@type\":\"SearchAction\",\"target\":{\"@type\":\"EntryPoint\",\"urlTemplate\":\"https:\/\/fgu-skolen.dk\/?s={search_term_string}\"},\"query-input\":{\"@type\":\"PropertyValueSpecification\",\"valueRequired\":true,\"valueName\":\"search_term_string\"}}],\"inLanguage\":\"da-DK\"},{\"@type\":\"Organization\",\"@id\":\"https:\/\/fgu-skolen.dk\/#organization\",\"name\":\"FGU-Skolen &Oslash;st\",\"url\":\"https:\/\/fgu-skolen.dk\/\",\"logo\":{\"@type\":\"ImageObject\",\"inLanguage\":\"da-DK\",\"@id\":\"https:\/\/fgu-skolen.dk\/#\/schema\/logo\/image\/\",\"url\":\"https:\/\/fgu-skolen.dk\/wp-content\/uploads\/2021\/02\/cropped-cropped-Logo_FGU-Skolen-Oest-002.png\",\"contentUrl\":\"https:\/\/fgu-skolen.dk\/wp-content\/uploads\/2021\/02\/cropped-cropped-Logo_FGU-Skolen-Oest-002.png\",\"width\":945,\"height\":650,\"caption\":\"FGU-Skolen &Oslash;st\"},\"image\":{\"@id\":\"https:\/\/fgu-skolen.dk\/#\/schema\/logo\/image\/\"}}]}<\/script>\n<!-- \/ Yoast SEO plugin. -->","yoast_head_json":{"title":"Kommunikation og medier p\u00e5 FGU Roskilde Lejre - FGU-Skolen &Oslash;st","robots":{"index":"index","follow":"follow","max-snippet":"max-snippet:-1","max-image-preview":"max-image-preview:large","max-video-preview":"max-video-preview:-1"},"canonical":"https:\/\/fgu-skolen.dk\/index.php\/kommunikation-og-medier-paa-fgu-roskilde\/","og_locale":"da_DK","og_type":"article","og_title":"Kommunikation og medier p\u00e5 FGU Roskilde Lejre - FGU-Skolen &Oslash;st","og_description":"P\u00e5 FGU Roskilde er der tre v\u00e6rksteder under temaet Kommunikation og medier:1) IT og teknik2) Grafisk design3) Grafisk produktionKlik p\u00e5 billederne for at l\u00e6se mere om de to forskellige tilbud IT og teknik Grafisk design Grafisk&nbsp;produktion","og_url":"https:\/\/fgu-skolen.dk\/index.php\/kommunikation-og-medier-paa-fgu-roskilde\/","og_site_name":"FGU-Skolen &Oslash;st","article_modified_time":"2025-03-24T08:08:58+00:00","og_image":[{"width":702,"height":702,"url":"https:\/\/fgu-skolen.dk\/wp-content\/uploads\/2023\/04\/cropped-CST03623-1.jpg","type":"image\/jpeg"}],"twitter_card":"summary_large_image","schema":{"@context":"https:\/\/schema.org","@graph":[{"@type":"WebPage","@id":"https:\/\/fgu-skolen.dk\/index.php\/kommunikation-og-medier-paa-fgu-roskilde\/","url":"https:\/\/fgu-skolen.dk\/index.php\/kommunikation-og-medier-paa-fgu-roskilde\/","name":"Kommunikation og medier p\u00e5 FGU Roskilde Lejre - FGU-Skolen &Oslash;st","isPartOf":{"@id":"https:\/\/fgu-skolen.dk\/#website"},"primaryImageOfPage":{"@id":"https:\/\/fgu-skolen.dk\/index.php\/kommunikation-og-medier-paa-fgu-roskilde\/#primaryimage"},"image":{"@id":"https:\/\/fgu-skolen.dk\/index.php\/kommunikation-og-medier-paa-fgu-roskilde\/#primaryimage"},"thumbnailUrl":"https:\/\/fgu-skolen.dk\/wp-content\/uploads\/2023\/04\/cropped-CST03623-1.jpg","datePublished":"2021-02-12T10:14:41+00:00","dateModified":"2025-03-24T08:08:58+00:00","breadcrumb":{"@id":"https:\/\/fgu-skolen.dk\/index.php\/kommunikation-og-medier-paa-fgu-roskilde\/#breadcrumb"},"inLanguage":"da-DK","potentialAction":[{"@type":"ReadAction","target":["https:\/\/fgu-skolen.dk\/index.php\/kommunikation-og-medier-paa-fgu-roskilde\/"]}]},{"@type":"ImageObject","inLanguage":"da-DK","@id":"https:\/\/fgu-skolen.dk\/index.php\/kommunikation-og-medier-paa-fgu-roskilde\/#primaryimage","url":"https:\/\/fgu-skolen.dk\/wp-content\/uploads\/2023\/04\/cropped-CST03623-1.jpg","contentUrl":"https:\/\/fgu-skolen.dk\/wp-content\/uploads\/2023\/04\/cropped-CST03623-1.jpg","width":702,"height":702},{"@type":"BreadcrumbList","@id":"https:\/\/fgu-skolen.dk\/index.php\/kommunikation-og-medier-paa-fgu-roskilde\/#breadcrumb","itemListElement":[{"@type":"ListItem","position":1,"name":"Hjem","item":"https:\/\/fgu-skolen.dk\/"},{"@type":"ListItem","position":2,"name":"Kommunikation og medier p\u00e5 FGU Roskilde Lejre"}]},{"@type":"WebSite","@id":"https:\/\/fgu-skolen.dk\/#website","url":"https:\/\/fgu-skolen.dk\/","name":"FGU-Skolen &Oslash;st","description":"","publisher":{"@id":"https:\/\/fgu-skolen.dk\/#organization"},"potentialAction":[{"@type":"SearchAction","target":{"@type":"EntryPoint","urlTemplate":"https:\/\/fgu-skolen.dk\/?s={search_term_string}"},"query-input":{"@type":"PropertyValueSpecification","valueRequired":true,"valueName":"search_term_string"}}],"inLanguage":"da-DK"},{"@type":"Organization","@id":"https:\/\/fgu-skolen.dk\/#organization","name":"FGU-Skolen &Oslash;st","url":"https:\/\/fgu-skolen.dk\/","logo":{"@type":"ImageObject","inLanguage":"da-DK","@id":"https:\/\/fgu-skolen.dk\/#\/schema\/logo\/image\/","url":"https:\/\/fgu-skolen.dk\/wp-content\/uploads\/2021\/02\/cropped-cropped-Logo_FGU-Skolen-Oest-002.png","contentUrl":"https:\/\/fgu-skolen.dk\/wp-content\/uploads\/2021\/02\/cropped-cropped-Logo_FGU-Skolen-Oest-002.png","width":945,"height":650,"caption":"FGU-Skolen &Oslash;st"},"image":{"@id":"https:\/\/fgu-skolen.dk\/#\/schema\/logo\/image\/"}}]}},"_links":{"self":[{"href":"https:\/\/fgu-skolen.dk\/index.php\/wp-json\/wp\/v2\/pages\/2229","targetHints":{"allow":["GET"]}}],"collection":[{"href":"https:\/\/fgu-skolen.dk\/index.php\/wp-json\/wp\/v2\/pages"}],"about":[{"href":"https:\/\/fgu-skolen.dk\/index.php\/wp-json\/wp\/v2\/types\/page"}],"author":[{"embeddable":true,"href":"https:\/\/fgu-skolen.dk\/index.php\/wp-json\/wp\/v2\/users\/5"}],"replies":[{"embeddable":true,"href":"https:\/\/fgu-skolen.dk\/index.php\/wp-json\/wp\/v2\/comments?post=2229"}],"version-history":[{"count":20,"href":"https:\/\/fgu-skolen.dk\/index.php\/wp-json\/wp\/v2\/pages\/2229\/revisions"}],"predecessor-version":[{"id":16362,"href":"https:\/\/fgu-skolen.dk\/index.php\/wp-json\/wp\/v2\/pages\/2229\/revisions\/16362"}],"wp:attachment":[{"href":"https:\/\/fgu-skolen.dk\/index.php\/wp-json\/wp\/v2\/media?parent=2229"}],"curies":[{"name":"wp","href":"https:\/\/api.w.org\/{rel}","templated":true}]}}