{"id":1834,"date":"2021-02-09T10:18:54","date_gmt":"2021-02-09T10:18:54","guid":{"rendered":"http:\/\/ny.fguit.dk\/?page_id=1834"},"modified":"2023-11-02T08:55:24","modified_gmt":"2023-11-02T08:55:24","slug":"hvad-er-fgu-skolen-oest","status":"publish","type":"page","link":"https:\/\/fgu-skolen.dk\/index.php\/hvad-er-fgu-skolen-oest\/","title":{"rendered":"Hvad er FGU-Skolen \u00d8st"},"content":{"rendered":"<div data-colibri-id=\"1834-c1\" class=\"style-2095 style-local-1834-c1 position-relative\">\n  <!---->\n  <div data-colibri-component=\"section\" data-colibri-id=\"1834-c2\" id=\"custom\" class=\"h-section h-section-global-spacing d-flex align-items-lg-center align-items-md-center align-items-center style-2096 style-local-1834-c2 position-relative\">\n    <!---->\n    <!---->\n    <div class=\"h-section-grid-container h-section-boxed-container\">\n      <!---->\n      <div data-colibri-id=\"1834-c3\" class=\"h-row-container gutters-row-lg-2 gutters-row-md-2 gutters-row-0 gutters-row-v-lg-2 gutters-row-v-md-2 gutters-row-v-2 style-2097 style-local-1834-c3 position-relative\">\n        <!---->\n        <div class=\"h-row justify-content-lg-center justify-content-md-center justify-content-center align-items-lg-stretch align-items-md-stretch align-items-stretch gutters-col-lg-2 gutters-col-md-2 gutters-col-0 gutters-col-v-lg-2 gutters-col-v-md-2 gutters-col-v-2\">\n          <!---->\n          <div class=\"h-column h-column-container d-flex h-col-lg-auto h-col-md-auto h-col-auto style-2098-outer style-local-1834-c4-outer\">\n            <div data-colibri-id=\"1834-c4\" class=\"d-flex h-flex-basis h-column__inner h-px-lg-2 h-px-md-2 h-px-2 v-inner-lg-2 v-inner-md-2 v-inner-2 style-2098 style-local-1834-c4 position-relative\">\n              <!---->\n              <!---->\n              <div class=\"w-100 h-y-container h-column__content h-column__v-align flex-basis-100 align-self-lg-start align-self-md-start align-self-start\">\n                <!---->\n                <div data-colibri-id=\"1834-c5\" class=\"h-text h-text-component style-2922 style-local-1834-c5 position-relative h-element\">\n                  <!---->\n                  <!---->\n                  <div class=\"\">\n                    <p><span style=\"font-size: 103%; font-family: &quot;Open Sans&quot;, sans-serif; color: rgb(0, 6, 7);\">FGU-Skolen \u00d8st er en statslig, selvejende institution, der tilbyder unge under 25 \u00e5r at g\u00e5 p\u00e5 den Forberedende Grunduddannelse (FGU).<\/span><\/p>\n                    <p><span style=\"font-size: 103%; font-family: &quot;Open Sans&quot;, sans-serif; color: rgb(0, 6, 7);\">Institutionen best\u00e5r af tre skoler beliggende i Roskilde, Greve og H\u00f8je T\u00e5strup.<br> <br>Alle fire skoler udbyder de tre spor i FGU og en lang r\u00e6kke faglige temaer og almene fag.<br> <br>FGU-Skolen \u00d8st er et samarbejde mellem fem kommuner (H\u00f8je-Taastrup, Greve, Solr\u00f8d, Roskilde og Lejre), og ledes af en bestyrelse, der er sammensat af repr\u00e6sentanter for de fem kommuner, arbejdsmarkedets parter, de lokale ungdomsuddannelser samt to medarbejderrepr\u00e6sentanter og en elevrepr\u00e6sentant.<br> <br>Til dagligt varetages ledelsen af direkt\u00f8ren og et ledelsesteam med en skoleleder p\u00e5 hver af de tre skoler.<\/span><\/p>\n                    <p><span style=\"font-size: 103%; font-family: &quot;Open Sans&quot;, sans-serif; color: rgb(0, 6, 7);\">Her finder du vores&nbsp;<\/span>\n                      <a href=\"https:\/\/fgu-skolen.dk\/index.php\/mission-vision-og-vaerdier\" style=\"font-size: 15px; font-family: Lato; color: rgb(25, 137, 250); font-weight: 400;\">Mission, vision og v\u00e6rdier<\/a>\n                    <\/p>\n                    <p>\n                      <br>\n                    <\/p>\n                    <p>\n                      <br>\n                    <\/p>\n                  <\/div>\n                <\/div>\n              <\/div>\n            <\/div>\n          <\/div>\n          <div class=\"h-column h-column-container d-flex h-col-lg-auto h-col-md-auto h-col-auto style-2099-outer style-local-1834-c6-outer\">\n            <div data-colibri-id=\"1834-c6\" class=\"d-flex h-flex-basis h-column__inner h-px-lg-2 h-px-md-2 h-px-2 v-inner-lg-2 v-inner-md-2 v-inner-2 style-2099 style-local-1834-c6 position-relative\">\n              <!---->\n              <!---->\n              <div class=\"w-100 h-y-container h-column__content h-column__v-align flex-basis-100 align-self-lg-start align-self-md-start align-self-start\">\n                <!---->\n                <div data-colibri-id=\"1834-c7\" class=\"d-block style-2916 style-local-1834-c7 position-relative h-element\">\n                  <!---->\n                  <div class=\"h-image__frame-container-outer\">\n                    <div class=\"h-image__frame-container\">\n                      <!---->\n                      <!---->\n                      <img loading=\"lazy\" decoding=\"async\" width=\"800\" height=\"768\" src=\"https:\/\/fgu-skolen.dk\/wp-content\/uploads\/2023\/04\/CST03646.jpg\" class=\"wp-image-10928 style-2916-image style-local-1834-c7-image\" alt=\"\" srcset=\"https:\/\/fgu-skolen.dk\/wp-content\/uploads\/2023\/04\/CST03646.jpg 800w, https:\/\/fgu-skolen.dk\/wp-content\/uploads\/2023\/04\/CST03646-300x288.jpg 300w, https:\/\/fgu-skolen.dk\/wp-content\/uploads\/2023\/04\/CST03646-768x737.jpg 768w\" sizes=\"auto, (max-width: 800px) 100vw, 800px\" \/>\n                      <div class=\"h-image__frame h-hide-lg h-hide-md h-hide-sm style-2916-frameImage style-local-1834-c7-frameImage\"><\/div>\n                    <\/div>\n                  <\/div>\n                <\/div>\n              <\/div>\n            <\/div>\n          <\/div>\n        <\/div>\n      <\/div>\n    <\/div>\n  <\/div>\n<\/div>","protected":false},"excerpt":{"rendered":"<p>FGU-Skolen \u00d8st er en statslig, selvejende institution, der tilbyder unge under 25 \u00e5r at g\u00e5 p\u00e5 den Forberedende Grunduddannelse (FGU). Institutionen best\u00e5r af tre skoler beliggende i Roskilde, Greve og H\u00f8je T\u00e5strup. Alle fire skoler udbyder de tre spor i FGU og en lang r\u00e6kke faglige temaer og almene fag. FGU-Skolen \u00d8st er et samarbejde [&hellip;]<\/p>\n","protected":false},"author":1,"featured_media":0,"parent":0,"menu_order":0,"comment_status":"closed","ping_status":"closed","template":"page-templates\/full-width-page.php","meta":{"_mo_disable_npp":"","h5ap_radio_sources":[],"footnotes":""},"class_list":["post-1834","page","type-page","status-publish","hentry"],"yoast_head":"<!-- This site is optimized with the Yoast SEO plugin v27.2 - https:\/\/yoast.com\/product\/yoast-seo-wordpress\/ -->\n<title>Hvad er FGU-Skolen \u00d8st - FGU-Skolen &Oslash;st<\/title>\n<meta name=\"robots\" content=\"index, follow, max-snippet:-1, max-image-preview:large, max-video-preview:-1\" \/>\n<link rel=\"canonical\" href=\"https:\/\/fgu-skolen.dk\/index.php\/hvad-er-fgu-skolen-oest\/\" \/>\n<meta property=\"og:locale\" content=\"da_DK\" \/>\n<meta property=\"og:type\" content=\"article\" \/>\n<meta property=\"og:title\" content=\"Hvad er FGU-Skolen \u00d8st - FGU-Skolen &Oslash;st\" \/>\n<meta property=\"og:description\" content=\"FGU-Skolen \u00d8st er en statslig, selvejende institution, der tilbyder unge under 25 \u00e5r at g\u00e5 p\u00e5 den Forberedende Grunduddannelse (FGU). Institutionen best\u00e5r af tre skoler beliggende i Roskilde, Greve og H\u00f8je T\u00e5strup. Alle fire skoler udbyder de tre spor i FGU og en lang r\u00e6kke faglige temaer og almene fag. FGU-Skolen \u00d8st er et samarbejde [&hellip;]\" \/>\n<meta property=\"og:url\" content=\"https:\/\/fgu-skolen.dk\/index.php\/hvad-er-fgu-skolen-oest\/\" \/>\n<meta property=\"og:site_name\" content=\"FGU-Skolen &Oslash;st\" \/>\n<meta property=\"article:modified_time\" content=\"2023-11-02T08:55:24+00:00\" \/>\n<meta property=\"og:image\" content=\"https:\/\/fgu-skolen.dk\/wp-content\/uploads\/2023\/04\/CST03646.jpg\" \/>\n<meta name=\"twitter:card\" content=\"summary_large_image\" \/>\n<meta name=\"twitter:label1\" content=\"Estimeret l\u00e6setid\" \/>\n\t<meta name=\"twitter:data1\" content=\"1 minut\" \/>\n<script type=\"application\/ld+json\" class=\"yoast-schema-graph\">{\"@context\":\"https:\/\/schema.org\",\"@graph\":[{\"@type\":\"WebPage\",\"@id\":\"https:\/\/fgu-skolen.dk\/index.php\/hvad-er-fgu-skolen-oest\/\",\"url\":\"https:\/\/fgu-skolen.dk\/index.php\/hvad-er-fgu-skolen-oest\/\",\"name\":\"Hvad er FGU-Skolen \u00d8st - FGU-Skolen &Oslash;st\",\"isPartOf\":{\"@id\":\"https:\/\/fgu-skolen.dk\/#website\"},\"primaryImageOfPage\":{\"@id\":\"https:\/\/fgu-skolen.dk\/index.php\/hvad-er-fgu-skolen-oest\/#primaryimage\"},\"image\":{\"@id\":\"https:\/\/fgu-skolen.dk\/index.php\/hvad-er-fgu-skolen-oest\/#primaryimage\"},\"thumbnailUrl\":\"https:\/\/fgu-skolen.dk\/wp-content\/uploads\/2023\/04\/CST03646.jpg\",\"datePublished\":\"2021-02-09T10:18:54+00:00\",\"dateModified\":\"2023-11-02T08:55:24+00:00\",\"breadcrumb\":{\"@id\":\"https:\/\/fgu-skolen.dk\/index.php\/hvad-er-fgu-skolen-oest\/#breadcrumb\"},\"inLanguage\":\"da-DK\",\"potentialAction\":[{\"@type\":\"ReadAction\",\"target\":[\"https:\/\/fgu-skolen.dk\/index.php\/hvad-er-fgu-skolen-oest\/\"]}]},{\"@type\":\"ImageObject\",\"inLanguage\":\"da-DK\",\"@id\":\"https:\/\/fgu-skolen.dk\/index.php\/hvad-er-fgu-skolen-oest\/#primaryimage\",\"url\":\"https:\/\/fgu-skolen.dk\/wp-content\/uploads\/2023\/04\/CST03646.jpg\",\"contentUrl\":\"https:\/\/fgu-skolen.dk\/wp-content\/uploads\/2023\/04\/CST03646.jpg\",\"width\":800,\"height\":768},{\"@type\":\"BreadcrumbList\",\"@id\":\"https:\/\/fgu-skolen.dk\/index.php\/hvad-er-fgu-skolen-oest\/#breadcrumb\",\"itemListElement\":[{\"@type\":\"ListItem\",\"position\":1,\"name\":\"Hjem\",\"item\":\"https:\/\/fgu-skolen.dk\/\"},{\"@type\":\"ListItem\",\"position\":2,\"name\":\"Hvad er FGU-Skolen \u00d8st\"}]},{\"@type\":\"WebSite\",\"@id\":\"https:\/\/fgu-skolen.dk\/#website\",\"url\":\"https:\/\/fgu-skolen.dk\/\",\"name\":\"FGU-Skolen &Oslash;st\",\"description\":\"\",\"publisher\":{\"@id\":\"https:\/\/fgu-skolen.dk\/#organization\"},\"potentialAction\":[{\"@type\":\"SearchAction\",\"target\":{\"@type\":\"EntryPoint\",\"urlTemplate\":\"https:\/\/fgu-skolen.dk\/?s={search_term_string}\"},\"query-input\":{\"@type\":\"PropertyValueSpecification\",\"valueRequired\":true,\"valueName\":\"search_term_string\"}}],\"inLanguage\":\"da-DK\"},{\"@type\":\"Organization\",\"@id\":\"https:\/\/fgu-skolen.dk\/#organization\",\"name\":\"FGU-Skolen &Oslash;st\",\"url\":\"https:\/\/fgu-skolen.dk\/\",\"logo\":{\"@type\":\"ImageObject\",\"inLanguage\":\"da-DK\",\"@id\":\"https:\/\/fgu-skolen.dk\/#\/schema\/logo\/image\/\",\"url\":\"https:\/\/fgu-skolen.dk\/wp-content\/uploads\/2021\/02\/cropped-cropped-Logo_FGU-Skolen-Oest-002.png\",\"contentUrl\":\"https:\/\/fgu-skolen.dk\/wp-content\/uploads\/2021\/02\/cropped-cropped-Logo_FGU-Skolen-Oest-002.png\",\"width\":945,\"height\":650,\"caption\":\"FGU-Skolen &Oslash;st\"},\"image\":{\"@id\":\"https:\/\/fgu-skolen.dk\/#\/schema\/logo\/image\/\"}}]}<\/script>\n<!-- \/ Yoast SEO plugin. -->","yoast_head_json":{"title":"Hvad er FGU-Skolen \u00d8st - FGU-Skolen &Oslash;st","robots":{"index":"index","follow":"follow","max-snippet":"max-snippet:-1","max-image-preview":"max-image-preview:large","max-video-preview":"max-video-preview:-1"},"canonical":"https:\/\/fgu-skolen.dk\/index.php\/hvad-er-fgu-skolen-oest\/","og_locale":"da_DK","og_type":"article","og_title":"Hvad er FGU-Skolen \u00d8st - FGU-Skolen &Oslash;st","og_description":"FGU-Skolen \u00d8st er en statslig, selvejende institution, der tilbyder unge under 25 \u00e5r at g\u00e5 p\u00e5 den Forberedende Grunduddannelse (FGU). Institutionen best\u00e5r af tre skoler beliggende i Roskilde, Greve og H\u00f8je T\u00e5strup. Alle fire skoler udbyder de tre spor i FGU og en lang r\u00e6kke faglige temaer og almene fag. FGU-Skolen \u00d8st er et samarbejde [&hellip;]","og_url":"https:\/\/fgu-skolen.dk\/index.php\/hvad-er-fgu-skolen-oest\/","og_site_name":"FGU-Skolen &Oslash;st","article_modified_time":"2023-11-02T08:55:24+00:00","og_image":[{"url":"https:\/\/fgu-skolen.dk\/wp-content\/uploads\/2023\/04\/CST03646.jpg","type":"","width":"","height":""}],"twitter_card":"summary_large_image","twitter_misc":{"Estimeret l\u00e6setid":"1 minut"},"schema":{"@context":"https:\/\/schema.org","@graph":[{"@type":"WebPage","@id":"https:\/\/fgu-skolen.dk\/index.php\/hvad-er-fgu-skolen-oest\/","url":"https:\/\/fgu-skolen.dk\/index.php\/hvad-er-fgu-skolen-oest\/","name":"Hvad er FGU-Skolen \u00d8st - FGU-Skolen &Oslash;st","isPartOf":{"@id":"https:\/\/fgu-skolen.dk\/#website"},"primaryImageOfPage":{"@id":"https:\/\/fgu-skolen.dk\/index.php\/hvad-er-fgu-skolen-oest\/#primaryimage"},"image":{"@id":"https:\/\/fgu-skolen.dk\/index.php\/hvad-er-fgu-skolen-oest\/#primaryimage"},"thumbnailUrl":"https:\/\/fgu-skolen.dk\/wp-content\/uploads\/2023\/04\/CST03646.jpg","datePublished":"2021-02-09T10:18:54+00:00","dateModified":"2023-11-02T08:55:24+00:00","breadcrumb":{"@id":"https:\/\/fgu-skolen.dk\/index.php\/hvad-er-fgu-skolen-oest\/#breadcrumb"},"inLanguage":"da-DK","potentialAction":[{"@type":"ReadAction","target":["https:\/\/fgu-skolen.dk\/index.php\/hvad-er-fgu-skolen-oest\/"]}]},{"@type":"ImageObject","inLanguage":"da-DK","@id":"https:\/\/fgu-skolen.dk\/index.php\/hvad-er-fgu-skolen-oest\/#primaryimage","url":"https:\/\/fgu-skolen.dk\/wp-content\/uploads\/2023\/04\/CST03646.jpg","contentUrl":"https:\/\/fgu-skolen.dk\/wp-content\/uploads\/2023\/04\/CST03646.jpg","width":800,"height":768},{"@type":"BreadcrumbList","@id":"https:\/\/fgu-skolen.dk\/index.php\/hvad-er-fgu-skolen-oest\/#breadcrumb","itemListElement":[{"@type":"ListItem","position":1,"name":"Hjem","item":"https:\/\/fgu-skolen.dk\/"},{"@type":"ListItem","position":2,"name":"Hvad er FGU-Skolen \u00d8st"}]},{"@type":"WebSite","@id":"https:\/\/fgu-skolen.dk\/#website","url":"https:\/\/fgu-skolen.dk\/","name":"FGU-Skolen &Oslash;st","description":"","publisher":{"@id":"https:\/\/fgu-skolen.dk\/#organization"},"potentialAction":[{"@type":"SearchAction","target":{"@type":"EntryPoint","urlTemplate":"https:\/\/fgu-skolen.dk\/?s={search_term_string}"},"query-input":{"@type":"PropertyValueSpecification","valueRequired":true,"valueName":"search_term_string"}}],"inLanguage":"da-DK"},{"@type":"Organization","@id":"https:\/\/fgu-skolen.dk\/#organization","name":"FGU-Skolen &Oslash;st","url":"https:\/\/fgu-skolen.dk\/","logo":{"@type":"ImageObject","inLanguage":"da-DK","@id":"https:\/\/fgu-skolen.dk\/#\/schema\/logo\/image\/","url":"https:\/\/fgu-skolen.dk\/wp-content\/uploads\/2021\/02\/cropped-cropped-Logo_FGU-Skolen-Oest-002.png","contentUrl":"https:\/\/fgu-skolen.dk\/wp-content\/uploads\/2021\/02\/cropped-cropped-Logo_FGU-Skolen-Oest-002.png","width":945,"height":650,"caption":"FGU-Skolen &Oslash;st"},"image":{"@id":"https:\/\/fgu-skolen.dk\/#\/schema\/logo\/image\/"}}]}},"_links":{"self":[{"href":"https:\/\/fgu-skolen.dk\/index.php\/wp-json\/wp\/v2\/pages\/1834","targetHints":{"allow":["GET"]}}],"collection":[{"href":"https:\/\/fgu-skolen.dk\/index.php\/wp-json\/wp\/v2\/pages"}],"about":[{"href":"https:\/\/fgu-skolen.dk\/index.php\/wp-json\/wp\/v2\/types\/page"}],"author":[{"embeddable":true,"href":"https:\/\/fgu-skolen.dk\/index.php\/wp-json\/wp\/v2\/users\/1"}],"replies":[{"embeddable":true,"href":"https:\/\/fgu-skolen.dk\/index.php\/wp-json\/wp\/v2\/comments?post=1834"}],"version-history":[{"count":8,"href":"https:\/\/fgu-skolen.dk\/index.php\/wp-json\/wp\/v2\/pages\/1834\/revisions"}],"predecessor-version":[{"id":12760,"href":"https:\/\/fgu-skolen.dk\/index.php\/wp-json\/wp\/v2\/pages\/1834\/revisions\/12760"}],"wp:attachment":[{"href":"https:\/\/fgu-skolen.dk\/index.php\/wp-json\/wp\/v2\/media?parent=1834"}],"curies":[{"name":"wp","href":"https:\/\/api.w.org\/{rel}","templated":true}]}}