{"id":172,"date":"2021-01-21T07:24:56","date_gmt":"2021-01-21T07:24:56","guid":{"rendered":"http:\/\/ny.fguit.dk\/?page_id=172"},"modified":"2026-03-09T12:53:24","modified_gmt":"2026-03-09T12:53:24","slug":"egu","status":"publish","type":"page","link":"https:\/\/fgu-skolen.dk\/index.php\/uddannelsesspor\/egu\/","title":{"rendered":"EGU &#8211; Erhvervsgrunduddannelse"},"content":{"rendered":"<div data-colibri-id=\"172-c1\" class=\"style-1082 style-local-172-c1 position-relative\">\n  <!---->\n  <div data-colibri-component=\"section\" data-colibri-id=\"172-c2\" id=\"custom\" class=\"h-section h-section-global-spacing d-flex align-items-lg-center align-items-md-center align-items-center style-4048 style-local-172-c2 position-relative\">\n    <!---->\n    <!---->\n    <div class=\"h-section-grid-container h-section-boxed-container\">\n      <!---->\n      <div data-colibri-id=\"172-c3\" class=\"h-row-container gutters-row-lg-2 gutters-row-md-2 gutters-row-0 gutters-row-v-lg-2 gutters-row-v-md-2 gutters-row-v-2 style-4049 style-local-172-c3 position-relative\">\n        <!---->\n        <div class=\"h-row justify-content-lg-center justify-content-md-center justify-content-center align-items-lg-stretch align-items-md-stretch align-items-stretch gutters-col-lg-2 gutters-col-md-2 gutters-col-0 gutters-col-v-lg-2 gutters-col-v-md-2 gutters-col-v-2\">\n          <!---->\n          <div class=\"h-column h-column-container d-flex h-col-lg-auto h-col-md-auto h-col-auto style-4050-outer style-local-172-c4-outer\">\n            <div data-colibri-id=\"172-c4\" class=\"d-flex h-flex-basis h-column__inner h-px-lg-2 h-px-md-2 h-px-2 v-inner-lg-2 v-inner-md-2 v-inner-2 style-4050 style-local-172-c4 position-relative\">\n              <!---->\n              <!---->\n              <div class=\"w-100 h-y-container h-column__content h-column__v-align flex-basis-100 align-self-lg-start align-self-md-start align-self-start\">\n                <!---->\n                <div data-colibri-id=\"172-c15\" class=\"h-text h-text-component style-4244 style-local-172-c15 position-relative h-element\">\n                  <!---->\n                  <!---->\n                  <div class=\"\">\n                    <p><span style=\"font-weight: 700;\">Erhvervsgrunduddannelse EGU<\/span><\/p>\n                    <p>EGU er for dig, der gerne vil i virksomhedspraktik og f\u00e5 konkrete erfaringer og kompetencer, der forbereder dig til job eller en erhvervsuddannelse.<\/p>\n                    <p>EGU er individuelt tilrettelagt og fleksibel, og tager afs\u00e6t i din uddannelsesplan.<\/p>\n                    <p>I et EGU-forl\u00f8b er 2\/3 i virksomhedspraktik og 1\/3 skoleundervisning.\n                      <br>Det betyder, at du veksler mellem at v\u00e6re i virksomhedspraktik og p\u00e5 skoleforl\u00f8b.<\/p>\n                    <p>Skoleforl\u00f8b kan v\u00e6re fx AMU-kurser, dele af grundforl\u00f8b eller h\u00f8jskoleforl\u00f8b. Det kan ogs\u00e5 v\u00e6re undervisning i dansk, matematik og\/eller PASE p\u00e5 FGU-skolen \u00d8st.<\/p>\n                    <p>Du skal i samarbejde med din vejleder finde den rette virksomhed, hvor du kan blive EGU-elev. Sammen med virksomheden vil I planl\u00e6gge forl\u00f8bet, s\u00e5 det tilpasses b\u00e5de dine og virksomhedens \u00f8nsker og behov.<\/p>\n                    <p>Uddannelsen har en varighed p\u00e5 ca. 2 \u00e5r og du kan starte, n\u00e5r det passer dig.<\/p>\n                    <p>Undervisningen kan foreg\u00e5 p\u00e5 FGU-Skolen \u00d8ST, p\u00e5 erhvervsskoler og andre skoler, hvor der udbydes AMU-kurser<\/p>\n                    <p>Uddannelse og fag:<\/p>\n                    <p>F.eks. indenfor flg. omr\u00e5der:<\/p>\n                    <p>Butik \u2013 Lager \u2013 Anl\u00e6gsgartner \u2013 Chauff\u00f8r \u2013 Omsorg og sundhed \u2013 H\u00e5ndv\u00e6rksfag \u2013 K\u00f8kken\/catering<\/p>\n                    <p>\n                      <br>\n                    <\/p>\n                    <p>\n                      <br>\n                    <\/p>\n                    <p><span style=\"font-weight: 700;\">Fagligt indhold:<\/span><\/p>\n                    <p>Fx kurser som:<\/p>\n                    <p>Hygiejnekursus \u2013 Gaffeltruckcertifikat \u2013 K\u00f8rekort B \u2013 Varebilschaff\u00f8r \u2013 Tr\u00e6besk\u00e6ring \u2013 F\u00f8rstehj\u00e6lp \u2013 Brandbek\u00e6mpelse \u2013 PASE \u2013 Dansk \u2013 Matematik \u2013 H\u00f8jskole\n                      <br>\n                      <br>\n                    <\/p>\n                    <p><span style=\"font-weight: 700;\">Vejleder EGU:<\/span><\/p>\n                    <p>Anne-Mette Fejer, EGU-Vejleder og koordinator,\n                      <br>6644 2566,&nbsp;afe@fgu-skolen.dk<\/p>\n                    <p>\n                      <br>\n                    <\/p>\n                  <\/div>\n                <\/div>\n                <div data-colibri-id=\"172-c6\" class=\"h-x-container style-4106 style-local-172-c6 position-relative h-element\">\n                  <!---->\n                  <div class=\"h-x-container-inner style-dynamic-172-c6-group style-4106-spacing style-local-172-c6-spacing\"><span class=\"h-button__outer style-4107-outer style-local-172-c7-outer d-inline-flex h-element\"><a h-use-smooth-scroll=\"true\" href=\"https:\/\/fgu-skolen.dk\/wp-content\/uploads\/2025\/05\/EGU-erhvervsgrunduddannelse-2024.mp3\"  data-colibri-id=\"172-c7\" class=\"d-flex w-100 align-items-center h-button justify-content-lg-center justify-content-md-center justify-content-center style-4107 style-local-172-c7 position-relative\"><!----><!----> <span>L\u00e6s op<\/span><\/a>\n                    <\/span>\n                  <\/div>\n                <\/div>\n              <\/div>\n            <\/div>\n          <\/div>\n          <div class=\"h-column h-column-container d-flex h-col-lg-auto h-col-md-auto h-col-auto style-4051-outer style-local-172-c8-outer\">\n            <div data-colibri-id=\"172-c8\" class=\"d-flex h-flex-basis h-column__inner h-px-lg-2 h-px-md-2 h-px-2 v-inner-lg-2 v-inner-md-2 v-inner-2 style-4051 style-local-172-c8 position-relative\">\n              <!---->\n              <!---->\n              <div class=\"w-100 h-y-container h-column__content h-column__v-align flex-basis-100 align-self-lg-start align-self-md-start align-self-start\">\n                <!---->\n                <div data-colibri-id=\"172-c9\" class=\"d-block style-4053 style-local-172-c9 position-relative h-element\">\n                  <!---->\n                  <div class=\"h-image__frame-container-outer\">\n                    <div class=\"h-image__frame-container\">\n                      <!---->\n                      <!---->\n                      <img loading=\"lazy\" decoding=\"async\" width=\"400\" height=\"400\" src=\"https:\/\/fgu-skolen.dk\/wp-content\/uploads\/2025\/03\/a-EGU-scanner.jpg\" class=\"wp-image-16458 style-4053-image style-local-172-c9-image\" alt=\"\" srcset=\"https:\/\/fgu-skolen.dk\/wp-content\/uploads\/2025\/03\/a-EGU-scanner.jpg 400w, https:\/\/fgu-skolen.dk\/wp-content\/uploads\/2025\/03\/a-EGU-scanner-300x300.jpg 300w, https:\/\/fgu-skolen.dk\/wp-content\/uploads\/2025\/03\/a-EGU-scanner-150x150.jpg 150w\" sizes=\"auto, (max-width: 400px) 100vw, 400px\" \/>\n                      <div class=\"h-image__frame h-hide-lg h-hide-md h-hide-sm style-4053-frameImage style-local-172-c9-frameImage\"><\/div>\n                    <\/div>\n                  <\/div>\n                <\/div>\n              <\/div>\n            <\/div>\n          <\/div>\n        <\/div>\n      <\/div>\n      <div data-colibri-id=\"172-c10\" class=\"h-row-container gutters-row-lg-2 gutters-row-md-2 gutters-row-0 gutters-row-v-lg-2 gutters-row-v-md-2 gutters-row-v-2 style-4056 style-local-172-c10 position-relative\">\n        <!---->\n        <div class=\"h-row justify-content-lg-center justify-content-md-center justify-content-center align-items-lg-stretch align-items-md-stretch align-items-stretch gutters-col-lg-2 gutters-col-md-2 gutters-col-0 gutters-col-v-lg-2 gutters-col-v-md-2 gutters-col-v-2\">\n          <!---->\n          <div class=\"h-column h-column-container d-flex h-col-lg-auto h-col-md-auto h-col-auto style-4057-outer style-local-172-c11-outer\">\n            <div data-colibri-id=\"172-c11\" class=\"d-flex h-flex-basis h-column__inner h-px-lg-2 h-px-md-2 h-px-2 v-inner-lg-2 v-inner-md-2 v-inner-2 style-4057 style-local-172-c11 position-relative\">\n              <!---->\n              <!---->\n              <div class=\"w-100 h-y-container h-column__content h-column__v-align flex-basis-100 align-self-lg-start align-self-md-start align-self-start\">\n                <!---->\n                <div data-colibri-id=\"172-c12\" class=\"h-text h-text-component style-1088 style-local-172-c12 position-relative h-element\">\n                  <!---->\n                  <!---->\n                  <div class=\"\">\n                    <h4><strong><u>Pr\u00f8ve:<\/u><\/strong><\/h4>\n                    <p>De elever der afslutter p\u00e5 FGU p\u00e5 niveau 3 skal til en praktisk pr\u00f8ve.\n                      <br>\n                      <br>Pr\u00f8veformen kan v\u00e6re forskellige inden for de faglige temaer. Det kan enten v\u00e6re en casepr\u00f8ve over 1 dag, en casepr\u00f8ve over flere dage eller en portfoliopr\u00f8ve.\n                      <br>\n                      <br>Uanset pr\u00f8veform s\u00e5 handler pr\u00f8ven om at pr\u00e6sentere de produkter og det du har arbejdet med i virksomheden.\n                      <br>\n                      <br>Pr\u00f8ven afsluttes med best\u00e5et\/ikke best\u00e5et.<\/p>\n                    <p>\n                      <a href=\"https:\/\/fgu-skolen.dk\/#skolerne\" style=\"font-family: Assistant, sans-serif; color: rgb(16, 28, 40); font-size: 13px;\"><strong> <\/strong><\/a>\n                    <\/p>\n                  <\/div>\n                <\/div>\n              <\/div>\n            <\/div>\n          <\/div>\n        <\/div>\n      <\/div>\n      <div data-colibri-id=\"172-c13\" class=\"h-row-container gutters-row-lg-2 gutters-row-md-2 gutters-row-0 gutters-row-v-lg-2 gutters-row-v-md-2 gutters-row-v-2 style-4054 style-local-172-c13 position-relative\">\n        <!---->\n        <div class=\"h-row justify-content-lg-center justify-content-md-center justify-content-center align-items-lg-stretch align-items-md-stretch align-items-stretch gutters-col-lg-2 gutters-col-md-2 gutters-col-0 gutters-col-v-lg-2 gutters-col-v-md-2 gutters-col-v-2\">\n          <!---->\n          <div class=\"h-column h-column-container d-flex h-col-lg-auto h-col-md-auto h-col-auto style-4055-outer style-local-172-c14-outer\">\n            <div data-colibri-id=\"172-c14\" class=\"d-flex h-flex-basis h-column__inner h-ui-empty-state-container h-px-lg-2 h-px-md-2 h-px-2 v-inner-lg-2 v-inner-md-2 v-inner-2 style-4055 style-local-172-c14 position-relative\">\n              <!---->\n              <!---->\n              <div class=\"w-100 h-y-container h-column__content h-column__v-align flex-basis-100\">\n                <!---->\n              <\/div>\n            <\/div>\n          <\/div>\n        <\/div>\n      <\/div>\n    <\/div>\n  <\/div>\n<\/div>","protected":false},"excerpt":{"rendered":"<p>Erhvervsgrunduddannelse EGU EGU er for dig, der gerne vil i virksomhedspraktik og f\u00e5 konkrete erfaringer og kompetencer, der forbereder dig til job eller en erhvervsuddannelse. EGU er individuelt tilrettelagt og fleksibel, og tager afs\u00e6t i din uddannelsesplan. I et EGU-forl\u00f8b er 2\/3 i virksomhedspraktik og 1\/3 skoleundervisning. Det betyder, at du veksler mellem at v\u00e6re [&hellip;]<\/p>\n","protected":false},"author":1,"featured_media":0,"parent":144,"menu_order":0,"comment_status":"closed","ping_status":"closed","template":"page-templates\/full-width-page.php","meta":{"_mo_disable_npp":"","h5ap_radio_sources":[],"footnotes":""},"class_list":["post-172","page","type-page","status-publish","hentry"],"yoast_head":"<!-- This site is optimized with the Yoast SEO plugin v27.2 - https:\/\/yoast.com\/product\/yoast-seo-wordpress\/ -->\n<title>EGU - Erhvervsgrunduddannelse - FGU-Skolen &Oslash;st<\/title>\n<meta name=\"robots\" content=\"index, follow, max-snippet:-1, max-image-preview:large, max-video-preview:-1\" \/>\n<link rel=\"canonical\" href=\"https:\/\/fgu-skolen.dk\/index.php\/uddannelsesspor\/egu\/\" \/>\n<meta property=\"og:locale\" content=\"da_DK\" \/>\n<meta property=\"og:type\" content=\"article\" \/>\n<meta property=\"og:title\" content=\"EGU - Erhvervsgrunduddannelse - FGU-Skolen &Oslash;st\" \/>\n<meta property=\"og:description\" content=\"Erhvervsgrunduddannelse EGU EGU er for dig, der gerne vil i virksomhedspraktik og f\u00e5 konkrete erfaringer og kompetencer, der forbereder dig til job eller en erhvervsuddannelse. EGU er individuelt tilrettelagt og fleksibel, og tager afs\u00e6t i din uddannelsesplan. I et EGU-forl\u00f8b er 2\/3 i virksomhedspraktik og 1\/3 skoleundervisning. Det betyder, at du veksler mellem at v\u00e6re [&hellip;]\" \/>\n<meta property=\"og:url\" content=\"https:\/\/fgu-skolen.dk\/index.php\/uddannelsesspor\/egu\/\" \/>\n<meta property=\"og:site_name\" content=\"FGU-Skolen &Oslash;st\" \/>\n<meta property=\"article:modified_time\" content=\"2026-03-09T12:53:24+00:00\" \/>\n<meta property=\"og:image\" content=\"https:\/\/fgu-skolen.dk\/wp-content\/uploads\/2025\/03\/a-EGU-scanner.jpg\" \/>\n\t<meta property=\"og:image:width\" content=\"400\" \/>\n\t<meta property=\"og:image:height\" content=\"400\" \/>\n\t<meta property=\"og:image:type\" content=\"image\/jpeg\" \/>\n<meta name=\"twitter:card\" content=\"summary_large_image\" \/>\n<meta name=\"twitter:label1\" content=\"Estimeret l\u00e6setid\" \/>\n\t<meta name=\"twitter:data1\" content=\"1 minut\" \/>\n<script type=\"application\/ld+json\" class=\"yoast-schema-graph\">{\"@context\":\"https:\/\/schema.org\",\"@graph\":[{\"@type\":\"WebPage\",\"@id\":\"https:\/\/fgu-skolen.dk\/index.php\/uddannelsesspor\/egu\/\",\"url\":\"https:\/\/fgu-skolen.dk\/index.php\/uddannelsesspor\/egu\/\",\"name\":\"EGU - Erhvervsgrunduddannelse - FGU-Skolen &Oslash;st\",\"isPartOf\":{\"@id\":\"https:\/\/fgu-skolen.dk\/#website\"},\"primaryImageOfPage\":{\"@id\":\"https:\/\/fgu-skolen.dk\/index.php\/uddannelsesspor\/egu\/#primaryimage\"},\"image\":{\"@id\":\"https:\/\/fgu-skolen.dk\/index.php\/uddannelsesspor\/egu\/#primaryimage\"},\"thumbnailUrl\":\"https:\/\/fgu-skolen.dk\/wp-content\/uploads\/2025\/03\/a-EGU-scanner.jpg\",\"datePublished\":\"2021-01-21T07:24:56+00:00\",\"dateModified\":\"2026-03-09T12:53:24+00:00\",\"breadcrumb\":{\"@id\":\"https:\/\/fgu-skolen.dk\/index.php\/uddannelsesspor\/egu\/#breadcrumb\"},\"inLanguage\":\"da-DK\",\"potentialAction\":[{\"@type\":\"ReadAction\",\"target\":[\"https:\/\/fgu-skolen.dk\/index.php\/uddannelsesspor\/egu\/\"]}]},{\"@type\":\"ImageObject\",\"inLanguage\":\"da-DK\",\"@id\":\"https:\/\/fgu-skolen.dk\/index.php\/uddannelsesspor\/egu\/#primaryimage\",\"url\":\"https:\/\/fgu-skolen.dk\/wp-content\/uploads\/2025\/03\/a-EGU-scanner.jpg\",\"contentUrl\":\"https:\/\/fgu-skolen.dk\/wp-content\/uploads\/2025\/03\/a-EGU-scanner.jpg\",\"width\":400,\"height\":400},{\"@type\":\"BreadcrumbList\",\"@id\":\"https:\/\/fgu-skolen.dk\/index.php\/uddannelsesspor\/egu\/#breadcrumb\",\"itemListElement\":[{\"@type\":\"ListItem\",\"position\":1,\"name\":\"Hjem\",\"item\":\"https:\/\/fgu-skolen.dk\/\"},{\"@type\":\"ListItem\",\"position\":2,\"name\":\"Uddannelsesspor\",\"item\":\"https:\/\/fgu-skolen.dk\/index.php\/uddannelsesspor\/\"},{\"@type\":\"ListItem\",\"position\":3,\"name\":\"EGU &#8211; Erhvervsgrunduddannelse\"}]},{\"@type\":\"WebSite\",\"@id\":\"https:\/\/fgu-skolen.dk\/#website\",\"url\":\"https:\/\/fgu-skolen.dk\/\",\"name\":\"FGU-Skolen &Oslash;st\",\"description\":\"\",\"publisher\":{\"@id\":\"https:\/\/fgu-skolen.dk\/#organization\"},\"potentialAction\":[{\"@type\":\"SearchAction\",\"target\":{\"@type\":\"EntryPoint\",\"urlTemplate\":\"https:\/\/fgu-skolen.dk\/?s={search_term_string}\"},\"query-input\":{\"@type\":\"PropertyValueSpecification\",\"valueRequired\":true,\"valueName\":\"search_term_string\"}}],\"inLanguage\":\"da-DK\"},{\"@type\":\"Organization\",\"@id\":\"https:\/\/fgu-skolen.dk\/#organization\",\"name\":\"FGU-Skolen &Oslash;st\",\"url\":\"https:\/\/fgu-skolen.dk\/\",\"logo\":{\"@type\":\"ImageObject\",\"inLanguage\":\"da-DK\",\"@id\":\"https:\/\/fgu-skolen.dk\/#\/schema\/logo\/image\/\",\"url\":\"https:\/\/fgu-skolen.dk\/wp-content\/uploads\/2021\/02\/cropped-cropped-Logo_FGU-Skolen-Oest-002.png\",\"contentUrl\":\"https:\/\/fgu-skolen.dk\/wp-content\/uploads\/2021\/02\/cropped-cropped-Logo_FGU-Skolen-Oest-002.png\",\"width\":945,\"height\":650,\"caption\":\"FGU-Skolen &Oslash;st\"},\"image\":{\"@id\":\"https:\/\/fgu-skolen.dk\/#\/schema\/logo\/image\/\"}}]}<\/script>\n<!-- \/ Yoast SEO plugin. -->","yoast_head_json":{"title":"EGU - Erhvervsgrunduddannelse - FGU-Skolen &Oslash;st","robots":{"index":"index","follow":"follow","max-snippet":"max-snippet:-1","max-image-preview":"max-image-preview:large","max-video-preview":"max-video-preview:-1"},"canonical":"https:\/\/fgu-skolen.dk\/index.php\/uddannelsesspor\/egu\/","og_locale":"da_DK","og_type":"article","og_title":"EGU - Erhvervsgrunduddannelse - FGU-Skolen &Oslash;st","og_description":"Erhvervsgrunduddannelse EGU EGU er for dig, der gerne vil i virksomhedspraktik og f\u00e5 konkrete erfaringer og kompetencer, der forbereder dig til job eller en erhvervsuddannelse. EGU er individuelt tilrettelagt og fleksibel, og tager afs\u00e6t i din uddannelsesplan. I et EGU-forl\u00f8b er 2\/3 i virksomhedspraktik og 1\/3 skoleundervisning. Det betyder, at du veksler mellem at v\u00e6re [&hellip;]","og_url":"https:\/\/fgu-skolen.dk\/index.php\/uddannelsesspor\/egu\/","og_site_name":"FGU-Skolen &Oslash;st","article_modified_time":"2026-03-09T12:53:24+00:00","og_image":[{"width":400,"height":400,"url":"https:\/\/fgu-skolen.dk\/wp-content\/uploads\/2025\/03\/a-EGU-scanner.jpg","type":"image\/jpeg"}],"twitter_card":"summary_large_image","twitter_misc":{"Estimeret l\u00e6setid":"1 minut"},"schema":{"@context":"https:\/\/schema.org","@graph":[{"@type":"WebPage","@id":"https:\/\/fgu-skolen.dk\/index.php\/uddannelsesspor\/egu\/","url":"https:\/\/fgu-skolen.dk\/index.php\/uddannelsesspor\/egu\/","name":"EGU - Erhvervsgrunduddannelse - FGU-Skolen &Oslash;st","isPartOf":{"@id":"https:\/\/fgu-skolen.dk\/#website"},"primaryImageOfPage":{"@id":"https:\/\/fgu-skolen.dk\/index.php\/uddannelsesspor\/egu\/#primaryimage"},"image":{"@id":"https:\/\/fgu-skolen.dk\/index.php\/uddannelsesspor\/egu\/#primaryimage"},"thumbnailUrl":"https:\/\/fgu-skolen.dk\/wp-content\/uploads\/2025\/03\/a-EGU-scanner.jpg","datePublished":"2021-01-21T07:24:56+00:00","dateModified":"2026-03-09T12:53:24+00:00","breadcrumb":{"@id":"https:\/\/fgu-skolen.dk\/index.php\/uddannelsesspor\/egu\/#breadcrumb"},"inLanguage":"da-DK","potentialAction":[{"@type":"ReadAction","target":["https:\/\/fgu-skolen.dk\/index.php\/uddannelsesspor\/egu\/"]}]},{"@type":"ImageObject","inLanguage":"da-DK","@id":"https:\/\/fgu-skolen.dk\/index.php\/uddannelsesspor\/egu\/#primaryimage","url":"https:\/\/fgu-skolen.dk\/wp-content\/uploads\/2025\/03\/a-EGU-scanner.jpg","contentUrl":"https:\/\/fgu-skolen.dk\/wp-content\/uploads\/2025\/03\/a-EGU-scanner.jpg","width":400,"height":400},{"@type":"BreadcrumbList","@id":"https:\/\/fgu-skolen.dk\/index.php\/uddannelsesspor\/egu\/#breadcrumb","itemListElement":[{"@type":"ListItem","position":1,"name":"Hjem","item":"https:\/\/fgu-skolen.dk\/"},{"@type":"ListItem","position":2,"name":"Uddannelsesspor","item":"https:\/\/fgu-skolen.dk\/index.php\/uddannelsesspor\/"},{"@type":"ListItem","position":3,"name":"EGU &#8211; Erhvervsgrunduddannelse"}]},{"@type":"WebSite","@id":"https:\/\/fgu-skolen.dk\/#website","url":"https:\/\/fgu-skolen.dk\/","name":"FGU-Skolen &Oslash;st","description":"","publisher":{"@id":"https:\/\/fgu-skolen.dk\/#organization"},"potentialAction":[{"@type":"SearchAction","target":{"@type":"EntryPoint","urlTemplate":"https:\/\/fgu-skolen.dk\/?s={search_term_string}"},"query-input":{"@type":"PropertyValueSpecification","valueRequired":true,"valueName":"search_term_string"}}],"inLanguage":"da-DK"},{"@type":"Organization","@id":"https:\/\/fgu-skolen.dk\/#organization","name":"FGU-Skolen &Oslash;st","url":"https:\/\/fgu-skolen.dk\/","logo":{"@type":"ImageObject","inLanguage":"da-DK","@id":"https:\/\/fgu-skolen.dk\/#\/schema\/logo\/image\/","url":"https:\/\/fgu-skolen.dk\/wp-content\/uploads\/2021\/02\/cropped-cropped-Logo_FGU-Skolen-Oest-002.png","contentUrl":"https:\/\/fgu-skolen.dk\/wp-content\/uploads\/2021\/02\/cropped-cropped-Logo_FGU-Skolen-Oest-002.png","width":945,"height":650,"caption":"FGU-Skolen &Oslash;st"},"image":{"@id":"https:\/\/fgu-skolen.dk\/#\/schema\/logo\/image\/"}}]}},"_links":{"self":[{"href":"https:\/\/fgu-skolen.dk\/index.php\/wp-json\/wp\/v2\/pages\/172","targetHints":{"allow":["GET"]}}],"collection":[{"href":"https:\/\/fgu-skolen.dk\/index.php\/wp-json\/wp\/v2\/pages"}],"about":[{"href":"https:\/\/fgu-skolen.dk\/index.php\/wp-json\/wp\/v2\/types\/page"}],"author":[{"embeddable":true,"href":"https:\/\/fgu-skolen.dk\/index.php\/wp-json\/wp\/v2\/users\/1"}],"replies":[{"embeddable":true,"href":"https:\/\/fgu-skolen.dk\/index.php\/wp-json\/wp\/v2\/comments?post=172"}],"version-history":[{"count":20,"href":"https:\/\/fgu-skolen.dk\/index.php\/wp-json\/wp\/v2\/pages\/172\/revisions"}],"predecessor-version":[{"id":18752,"href":"https:\/\/fgu-skolen.dk\/index.php\/wp-json\/wp\/v2\/pages\/172\/revisions\/18752"}],"up":[{"embeddable":true,"href":"https:\/\/fgu-skolen.dk\/index.php\/wp-json\/wp\/v2\/pages\/144"}],"wp:attachment":[{"href":"https:\/\/fgu-skolen.dk\/index.php\/wp-json\/wp\/v2\/media?parent=172"}],"curies":[{"name":"wp","href":"https:\/\/api.w.org\/{rel}","templated":true}]}}